-11*v + 192426. What are the prime factors of v?
2, 2467
Let l be (-27)/9 - (-10)/2. Suppose 2*w - 3*p = -0*w + 25, 0 = -3*w - l*p + 5. Suppose 0 = -u + f + 38, w*f - 74 = -2*u + 2. List the prime factors of u.
2, 19
Let x(k) = 1 + 8*k**2 + 3 - 3 + k**3 + 1 + 3*k. Let l be x(-7). Suppose 3*r + 0*r - l = 0. What are the prime factors of r?
2, 5
Let j(i) = 38*i + 1 + 1 + 1 - 2. Let b be j(1). Let n = b + -1. What are the prime factors of n?
2, 19
Suppose -3*u + 5*x + 166 = 7*x, u - 42 = 2*x. List the prime factors of u.
2, 13
Let x = -18 - -21. Suppose 16 = -4*r + x*r. Let v = -10 - r. What are the prime factors of v?
2, 3
Suppose -3*l - 3 = -9. Suppose l*u = 1 + 7. Suppose 0 = a - u*a + 48. List the prime factors of a.
2
Let o(q) = -2*q**3 + 3*q**2. Let v be o(2). What are the prime factors of v*(-2)/(-4)*-41?
2, 41
Suppose 0 = 15*h + 20*h - 5040. List the prime factors of h.
2, 3
Suppose 0 = 3*s + 5*x + 47 - 294, 2*s + x = 153. Let o = s - 26. What are the prime factors of o?
2, 3
Let a(w) = w + 10. Let b be a(-7). Suppose q - b*q + 162 = 0. Let d = q + -49. What are the prime factors of d?
2
Suppose -4*k + 21 = k - 3*b, -4*k = b - 10. Let z(g) = g + 2. Let d be z(k). Suppose 3*t - 3*i = 27 + 21, t - 28 = -d*i. List the prime factors of t.
2, 3
Let d(n) be the second derivative of n**4/12 + n**3/3 - 6*n**2 + 7*n. List the prime factors of d(6).
2, 3
Suppose -17*z + 18*z = -4*h + 195, -2*z - 5*h + 384 = 0. What are the prime factors of z?
11, 17
Suppose -22*n = -24*n + 8. Suppose 0 = 5*g + 4*t - 35, -48 = -3*g - t + n*t. What are the prime factors of g?
11
Let i(m) be the third derivative of -7/24*m**4 + 8*m**2 + 1/6*m**3 + 0 + 0*m. List the prime factors of i(-2).
3, 5
Let z(r) = r**3 + 15*r**2 - 13. List the prime factors of z(14).
53, 107
List the prime factors of 41545/(-14)*(-4)/5.
2, 1187
Suppose 3*f + 357 = 3*w, 0 = -0*f + 4*f + 4*w + 444. What are the prime factors of 1 + (-6)/(30/f)?
2, 3
Let t = 5054 - 2887. List the prime factors of t.
11, 197
Let q(k) = -3*k - 33. Let d be q(-12). Suppose -u + d*z + 19 = -8, -4*z + 55 = u. What are the prime factors of u?
3, 13
Suppose 2*s + 3*i + 8 = 0, -2*s + 2*i = 2*s - 16. Suppose s*t + 3*t - 4*r = 784, -5*r - 460 = -3*t. List the prime factors of t.
2, 5
Suppose -3 = -4*h - 19, -3*m - 4*h = -4802. List the prime factors of m.
2, 11, 73
Suppose 0 = 2*t - 0*t + 2, -5*u + 2363 = -3*t. Let l = -289 + u. What are the prime factors of l?
3, 61
Let i(x) = -x**3 + 8*x**2 + x - 4. Let b be i(8). Let h be 6/4*2532/18. Suppose -3*j - 52 + h = 3*z, 0 = -4*z + b*j + 180. What are the prime factors of z?
7
Let z(p) = 3*p**2 + 34*p - 27. Let o be z(-18). Suppose 5*w + 73 = o. List the prime factors of w.
2, 13
What are the prime factors of (-3*1/3)/((-11)/429)?
3, 13
Suppose -6 = -p - 3*b + 8, -2*p + 19 = 3*b. Suppose -a + 107 = p*r, -a = 5*r - 4*r - 95. What are the prime factors of a?
2, 23
Let z be (-2 - -38) + -4 + 1. Let d = z - 21. List the prime factors of d*(-1 - 7/(-2)).
2, 3, 5
Suppose 0 = -5*t - 5*v + 85, -2*v + 4*v + 92 = 4*t. Let d = t - -47. What are the prime factors of d?
2, 17
Let p be (-46)/(-11) - (-4)/(-22). Suppose -r - p = 0, 2*u = u + 2*r + 62. Suppose -3*j = -21 - u. List the prime factors of j.
5
Suppose 0 = 12*x - 3477 - 19575. List the prime factors of x.
17, 113
Let q(x) = 349*x - 14. Let a(g) = 175*g - 7. Let t(i) = 9*a(i) - 4*q(i). List the prime factors of t(1).
2, 43
Let t = 91 - -25. List the prime factors of t.
2, 29
Let h be (-15 + 12)*466/(-6). Suppose -h = 7*k - 954. What are the prime factors of k?
103
List the prime factors of 0 + (564/5)/(5/25).
2, 3, 47
Let a(b) = -11*b**2 + 5*b - 4. Let o be a(-5). Let t be o/(-95) - (-1)/(-5). Suppose -t*s + 7 + 32 = 0. List the prime factors of s.
13
Let z be 0/(-5) - (3 + -2 + 5). What are the prime factors of 18/1*(-34)/z?
2, 3, 17
Let v be -1*3*1*118/(-6). Suppose 0 = -6*j - v + 611. What are the prime factors of j?
2, 23
Suppose 8*p = -r + 9*p + 1221, 5*r = 4*p + 6100. What are the prime factors of r?
2, 19
Suppose 4*v - 5*z - 5676 = 0, -4*z = 4*v - 1589 - 4051. What are the prime factors of v?
2, 7, 101
Suppose 0 = -z, 5*g + 14*z - 22205 = 11*z. What are the prime factors of g?
4441
Let g = -45 - -50. Suppose 0 = g*f - 379 + 29. List the prime factors of f.
2, 5, 7
Let b = 96 + -61. Suppose 0 = j + 2, 5*j + 161 - b = 4*s. What are the prime factors of s?
29
Suppose 0*a = -3*a + 252. What are the prime factors of a?
2, 3, 7
Let h = 10292 + -6918. List the prime factors of h.
2, 7, 241
Suppose 2*p - 119 = 97. List the prime factors of p.
2, 3
Suppose 3*r - 5*r + 386 = 2*s, s - 5*r = 187. Suppose -4*l = -4*j + s, 0 = -4*j + j - 3*l + 114. Suppose 3*w + 1 = j. List the prime factors of w.
2, 7
Let c(b) = -6*b + 3. Let u(w) = 19*w - 8. Let m(q) = 7*c(q) + 2*u(q). Let t be m(4). Let o = -5 - t. List the prime factors of o.
2, 3
Suppose -246 = -1241*i + 1247*i. Suppose k + 3*k + 4 = 0. Let x = k - i. What are the prime factors of x?
2, 5
Suppose -3*t - 2*t - 10 = 0. List the prime factors of 1/(t + (-169)/(-56) + -1).
2, 7
Let g be (-10)/4*6/(-5). Suppose g*a - 8*a = 15. List the prime factors of (-108)/(-3) - (-9)/a.
3, 11
Let r = 186 + -92. Let a = r + -10. List the prime factors of a.
2, 3, 7
Let g(y) = -y**3 - 6*y**2 + 6*y + 5. Suppose -3*l = j + 22, -j = -5*l + 3*j - 31. List the prime factors of g(l).
2, 3
Suppose -7*t + 82 - 19 = 0. Let o be (33/t - 2)*3. List the prime factors of o*6 - (-2 + 3).
29
Let n = 300 + -495. What are the prime factors of (n/(-3 - 0))/1?
5, 13
Let j be 4*-2*(-2)/4. Suppose 0 = -j*d + 67 - 7. What are the prime factors of d?
3, 5
Let f = -58 + 60. List the prime factors of (1 + 84)/(f/2).
5, 17
Suppose 6428 = 4*s + 2*x, 46*x = 48*x - 4. List the prime factors of s.
2, 11, 73
Let l(f) = -f**3 - 9*f**2 - 6*f + 13. Let h(g) = -g**3 - 9*g**2 - 6*g + 14. Let k(a) = -5*h(a) + 6*l(a). What are the prime factors of k(-9)?
2, 31
Let s = 669 - 382. What are the prime factors of s?
7, 41
Let h(y) = y + 8. Let q be h(6). Let o = -28 + q. What are the prime factors of 2656/56 + 6/o?
47
What are the prime factors of (2 + (-3)/(0 - -3))*137?
137
Let g = -41 + 0. What are the prime factors of 1 + 1 + (-3 - g)?
2, 5
Suppose 5*z - 188 = -33. Suppose 24*p = z*p - 189. What are the prime factors of p?
3
Let u(i) = 58*i + 78. What are the prime factors of u(17)?
2, 7, 19
Let y(f) = 14*f**3 + f**2 - 6*f + 11. What are the prime factors of y(4)?
29, 31
Suppose 3*m - t - 1944 = 0, 4*t + 853 = 2*m - 453. What are the prime factors of m?
647
Suppose 2635 = 12*c - 5141. List the prime factors of c.
2, 3
Let h(s) = 6*s**2 - 34*s - 55. What are the prime factors of h(17)?
3, 367
Let v be 34/(-5)*(-15)/6. Let u = -15 + v. Suppose 3*q - 13 = u, q - 11 = -3*j. List the prime factors of j.
2
Suppose 3*s + 29 = 4*s. Let b = 32 + s. Suppose b = -3*o + 241. List the prime factors of o.
2, 3, 5
Let z(s) = -3 + 6*s + 8*s**2 - 2 + s**3 - 5. Let x be z(-7). What are the prime factors of (0 + x - 0) + 25?
2, 11
Suppose -j + 16 = -159. Suppose -4*l + 67 = j. Let z = l - -46. What are the prime factors of z?
19
Suppose 2*z + 7 = -2*r - 7, -4*z - 36 = 2*r. Let h(f) = -16*f - 13. What are the prime factors of h(z)?
163
Let o(a) be the second derivative of 4*a**5/15 + a**4/12 + a**3/6 - 4*a**2 - 4*a. Let m(y) be the first derivative of o(y). What are the prime factors of m(-1)?
3, 5
Suppose -3*t + 5 = n - 0, -n + 2*t = 0. Suppose -h = -n*m - 0*h - 2, -5*m + 5*h = 10. Suppose 3 = b, -p + 4 = -m*p - b. What are the prime factors of p?
7
Suppose -4*g + 8 = -4*z, 3*z = -2*g - 0*g + 29. Let i = g - 3. Suppose 0 = -i*l + 124 - 24. List the prime factors of l.
5
Suppose -72*l + 39277 = -1547. List the prime factors of l.
3, 7
Let i(w) = -w**3 + 22*w**2 + 24*w - 33. What are the prime factors of i(20)?
29, 43
Let m be 1*(-3 - 4/2). Let j = m - -8. Suppose j*a = 2*f + 40 + 2, 0 = -2*a + 5*f + 28. List the prime factors of a.
2, 7
Let s(n) = 14*n**2 + 2*n - 7. Let q(p) = p**3 - 11*p**2 + 9*p + 7. Let f be q(10). What are the prime factors of s(f)?
113
Let t = 12 - 10. Suppose t*b - 10 = -3*b. What are the prime factors of 10*b*(-60)/(-24)?
2, 5
Suppose -23*x + 11*x = -36. Suppose 98 + 61 = x*d. List the prime factors of d.
53
Suppose -7503 + 1531 = -4*